mposite number?
False
Is 16307 a prime number?
False
Is 6583 a composite number?
True
Is 1677667 prime?
True
Is 92113 composite?
True
Is 109479 prime?
False
Is 25019 composite?
True
Is 37283 a composite number?
True
Is 18479 composite?
True
Is 1361 prime?
True
Is 321983 a prime number?
True
Is 6709 a prime number?
True
Is 26839 prime?
True
Is 38543 a prime number?
True
Is 131873 composite?
True
Is 79681 a composite number?
True
Is 6119 composite?
True
Is 12443 a prime number?
False
Is 38543 a prime number?
True
Is 6299 a prime number?
True
Is 25219 composite?
False
Is 177883 a prime number?
True
Is 52289 prime?
True
Is 2684329 a prime number?
False
Is 22371 composite?
True
Is 4861 a composite number?
False
Is 37255 composite?
True
Is 79319 a prime number?
True
Is 66743 composite?
True
Is 882551 prime?
True
Is 107741 composite?
False
Is 681698 a prime number?
False
Is 10645 composite?
True
Is 85837 prime?
True
Is 24631 prime?
True
Is 16447 composite?
False
Is 54923 a composite number?
True
Is 2881 a composite number?
True
Is 41867 a composite number?
True
Is 20693 a prime number?
True
Is 55457 a composite number?
False
Is 12877 composite?
True
Is 80917 a prime number?
True
Is 74567 prime?
True
Is 389053 a prime number?
False
Is 1000149 a composite number?
True
Is 8059 composite?
False
Is 2569 composite?
True
Is 4847 prime?
False
Is 36037 a prime number?
True
Is 84055 prime?
False
Is 8842 prime?
False
Is 500777 composite?
False
Is 19549 prime?
False
Is 44413 a prime number?
False
Is 3977 a composite number?
True
Is 242317 composite?
True
Is 101933 a composite number?
True
Is 379879 composite?
True
Is 106823 a composite number?
False
Is 2833 a composite number?
False
Is 196097 a composite number?
True
Is 1903 prime?
False
Is 1580377 prime?
False
Is 2987 prime?
False
Is 2489 composite?
True
Is 3402835 prime?
False
Is 548393 composite?
False
Is 107853 prime?
False
Is 4751 prime?
True
Is 1337261 prime?
True
Is 6001 prime?
False
Is 346691 prime?
False
Is 6387 a prime number?
False
Is 243899 a prime number?
False
Is 3229 a prime number?
True
Is 12197 composite?
False
Is 28151 prime?
True
Is 130063 prime?
False
Is 47413 composite?
True
Is 8899 composite?
True
Is 80517 a composite number?
True
Is 32741 composite?
True
Is 998 composite?
True
Is 552581 a prime number?
True
Is 2363155 a prime number?
False
Is 2728199 a prime number?
True
Is 91253 a prime number?
True
Is 30427 prime?
True
Is 247067 prime?
True
Is 2705 a prime number?
False
Is 240731 a composite number?
True
Is 17623 composite?
False
Is 55949 a prime number?
True
Is 131953 composite?
True
Is 3407 prime?
True
Is 5269 a prime number?
False
Is 375911 a prime number?
False
Is 2353841 a prime number?
False
Is 4857 prime?
False
Is 10181 composite?
False
Is 251599 prime?
False
Is 113341 composite?
False
Is 85619 prime?
True
Is 6537 prime?
False
Is 1026083 a composite number?
True
Is 309513 prime?
False
Is 2281151 composite?
False
Is 18922 composite?
True
Is 224473 prime?
True
Is 571 a composite number?
False
Is 1061 composite?
False
Is 6379 composite?
False
Is 22007 a composite number?
True
Is 220243 composite?
False
Is 411821 a composite number?
False
Is 138959 a prime number?
True
Is 369898 a composite number?
True
Is 6121 a composite number?
False
Is 2333 composite?
False
Is 906809 a composite number?
False
Is 35653 a composite number?
True
Is 1100123 a composite number?
False
Is 263257 a composite number?
False
Is 15161 a composite number?
False
Is 93839 prime?
False
Is 11341 composite?
True
Is 7309 prime?
True
Is 3047613 composite?
True
Is 28151 composite?
False
Is 542053 prime?
True
Is 14519 composite?
False
Is 293 a composite number?
False
Is 247991 a prime number?
True
Is 2005 a prime number?
False
Is 1435901 composite?
False
Is 119929 a prime number?
True
Is 133379 a composite number?
False
Is 30307 a prime number?
True
Is 3777 prime?
False
Is 233057 composite?
True
Is 12067 composite?
True
Is 144301 composite?
True
Is 14281 a composite number?
False
Is 84497 prime?
False
Is 6017 composite?
True
Is 4507 a composite number?
False
Is 2161 composite?
False
Is 24281 composite?
False
Is 422431 prime?
True
Is 8197 prime?
False
Is 38989 a composite number?
True
Is 44305 composite?
True
Is 177305 composite?
True
Is 18331 composite?
True
Is 6863 composite?
False
Is 8567 a prime number?
False
Is 138611 a composite number?
True
Is 89437 composite?
True
Is 1154 composite?
True
Is 533095 prime?
False
Is 18839 composite?
False
Is 927898 prime?
False
Is 16183 a composite number?
False
Is 6761 composite?
False
Is 9521 composite?
False
Is 2951233 composite?
False
Is 4153 a prime number?
True
Is 1345621 composite?
False
Is 5297 a composite number?
False
Is 68099 a prime number?
True
Is 27845 composite?
True
Is 63577 a prime number?
True
Is 565477 a prime number?
False
Is 2773 composite?
True
Is 28889 prime?
False
Is 165247 prime?
True
Is 2278235 a prime number?
False
Is 130729 a composite number?
False
Is 323123 prime?
True
Is 750655 prime?
False
Is 42533 a composite number?
False
Is 306751 a prime number?
False
Is 5791 a composite number?
False
Is 3299 prime?
True
Is 1282063 a prime number?
False
Is 7477 prime?
True
Is 3274 composite?
True
Is 2015473 a composite number?
False
Is 15033 composite?
True
Is 62969 a prime number?
True
Is 38501 a composite number?
False
Is 527123 a composite number?
False
Is 23269 a composite number?
False
Is 29383 a prime number?
True
Is 6197 a prime number?
True
Is 21923 prime?
False
Is 729217 a prime number?
True
Is 306941 a prime number?
True
Is 2893 prime?
False
Is 30698 prime?
False
Is 4435 composite?
True
Is 2779 a prime number?
False
Is 284969 a prime number?
True
Is 10473 composite?
True
Is 4285 composite?
True
Is 7817 a prime number?
True
Is 208837 a composite number?
False
Is 1405115 a prime number?
False
Is 34835 a prime number?
False
Is 24809 a composite number?
False
Is 21921 a composite number?
True
Is 37 a prime number?
True
Is 314543 a composite number?
False
Is 78047 a composite number?
True
Is 7069 prime?
True
Is 1642701 a composite number?
True
Is 46703 composite?
False
Is 8081 a prime number?
True
Is 531109 a composite number?
True
Is 26309 composite?
False
Is 31399 a prime number?
False
Is 91193 composite?
False
Is 5147 a prime number?
True
Is 38705 prime?
False
Is 230431 a prime number?
True
Is 1876301 prime?
False
Is 41479 composite?
False
Is 30133 a prime number?
True
Is 3337 prime?
False
Is 59093 a prime number?
True
Is 21194 a prime number?
False
Is 949211 prime?
True
Is 281591 prime?
False
Is 11441 a prime number?
False
Is 123653 a composite number?
False
Is 86839 prime?
False
Is 9518 prime?
False
Is 4861 composite?
False
Is 483787 composite?
False
Is 78101 prime?
True
Is 496183 a composite number?
True
Is 11089 prime?
False
Is 48239 prime?
True
Is 5227 a composite number?
False
Is 40731 composite?
True
Is 2927 composite?
False
Is 26762 a prime number?
False
Is 7177 prime?
True
Is 4765 prime?
False
Is 3132943 a composite number?
True
Is 235099 prime?
True
Is 5095991 prime?
True
Is 316447 prime?
False
Is 68617 prime?
False
Is 16181 a composite number?
True
Is 12531 composite?
True
Is 1057831 a composite number?
False
Is 106447 composite?
True
Is 8141 prime?
False
Is 148173 composite?
True
Is 23365 a composite number?
True
Is 164071 a prime number?
True
Is 11269 prime?
False
Is 7817 a composite number?
False
Is 2263 a composite number?
True
Is 2155 a composite number?
True
Is 46559 composite?
False
Is 774493 a prime number?
False
Is 15869 a composite number?
True
Is 8617439 composite?
False
Is 12603 a composite number?
True
Is 20161 a composite number?
False
Is 3785 a composite number?
True
Is 390035 a prime number?
False
Is 14369 composite?
False
Is 67561 composite?
True
Is 105319 a prime number?
True
Is 242617 a composite number?
False
Is 30631 composite?
False
Is 109639 a prime number?
True
Is 1073 a composite number?
True
Is 72019 prime?
True
Is 139813 a prime number?
True
Is 1016245 a composite number?
True
Is 608461 prime?
False
Is 5323 a prime number?
True
Is 301817 a prime number?
False
Is 55849 a composite number?
False
Is 203 composite?
True
Is 399589 prime?
False
Is 591053 a prime number?
True
Is 8461 a composite number?
False
Is 11233 a